0 = 3*x - 3*q - 27, -2*x - q = -2 - 10. Calculate the remainder when x is divided by 2.
1
Calculate the remainder when (((-5992)/12)/7)/(2/(-3)) is divided by 28.
23
Suppose 4*p + 4*z = 32 + 72, -p + 14 = -3*z. Let r = 38 - p. What is the remainder when r is divided by 8?
7
Suppose n + 12 = 2*p - 38, -5*p = 4*n + 239. Let b = -38 - n. What is the remainder when 68/10*(5 + 0) is divided by b?
16
Let k be (3 - 1)*1/2. Let b = k + -22. Let g = 34 + b. What is the remainder when g is divided by 5?
3
Let z = 20 + -9. Calculate the remainder when 31 is divided by z.
9
Let o(x) = -x**2 - 19*x - 31. Calculate the remainder when o(-11) is divided by 15.
12
Let p(h) = h**2 + 3*h - 2. Let k be (-4)/(-2) + (0 - -228). Suppose 0 = -l + 6*l - k. Calculate the remainder when l is divided by p(-6).
14
Let k = 7 - -15. Suppose -2*l - 4*q = -24, q + 24 = 2*l + 4*q. What is the remainder when k is divided by l?
10
Let j = 124 + -77. Calculate the remainder when 140 is divided by j.
46
Suppose 2*o = 3*o - 34. Calculate the remainder when o is divided by 9.
7
Suppose -6 = 2*w - 14, 3*r - 4*w + 61 = 0. Calculate the remainder when 30 is divided by (-1)/(-4 + 3) - r.
14
Let w = 27 + 15. Calculate the remainder when w is divided by 23.
19
Calculate the remainder when ((-20)/(-15))/((-8)/(-6)) is divided by 1.
0
Let s(o) = -o + 4. Let a(w) = w**3 + 10*w**2 - 11*w + 3. Let x be a(-11). Calculate the remainder when 1 is divided by s(x).
0
Let u(o) = 5*o**2 + 4*o - 4. Let q be u(3). Suppose 5*s - q = 87. Let v = 31 - 16. Calculate the remainder when s is divided by v.
13
Suppose 2 = -b - 6. Let m = -5 - b. Let k = -7 - -11. What is the remainder when k is divided by m?
1
Suppose -2*q + 7*q - 165 = 0. What is the remainder when q is divided by 9?
6
Suppose -5*q + 5*s + 325 = 0, 0 = q + 2*q + 3*s - 219. Calculate the remainder when q is divided by 8.
5
Calculate the remainder when (-36 - 1/(-1))*-1 is divided by 10.
5
Let u(x) = x**3 - 6*x**2 + 8*x + 5. Let c = -6 + 8. Suppose 9 + 3 = c*i. Calculate the remainder when u(i) is divided by 14.
11
Suppose 69 = -2*j - j. Let z = 54 + j. What is the remainder when z is divided by 11?
9
What is the remainder when 25 is divided by 3 + (2 - 4) + 13?
11
Suppose 0 = 4*o - 2*t - 98 - 12, o - 2*t - 29 = 0. Calculate the remainder when o is divided by 16.
11
Suppose -2*y + 31 = -15. Calculate the remainder when y is divided by 4.
3
Suppose 4*g + 3*o = 57, -6*o + 74 = 5*g - 5*o. Calculate the remainder when 59 is divided by g.
14
Let n(j) = -3*j + 7. Let s be n(3). What is the remainder when 74 is divided by (15/4)/(s/(-8))?
14
Suppose 3*k = 7*k + 4*w - 44, -8 = -4*w. What is the remainder when 17 is divided by k?
8
Let r = 42 + -30. What is the remainder when 22 is divided by r?
10
Calculate the remainder when (-2)/(-3) + (-330)/(-18) is divided by 4.
3
Let j(b) = -4*b + 2. Suppose 26 = -3*g + 4*g. Calculate the remainder when g is divided by j(-3).
12
Let p(b) = b**3 - 5*b**2 - b - 7. What is the remainder when p(6) is divided by 15 + -5 + 4/2?
11
Let a = -5 - -7. Suppose v + 15 = -5*z - 8, -a*z - 12 = -v. Calculate the remainder when (-604)/(-16) - v/(-8) is divided by 13.
12
Suppose 2*s = -0*s. Suppose i + s - 5 = 0. Calculate the remainder when i is divided by 2.
1
Calculate the remainder when -2 + (1 + -8)*-3 is divided by 11.
8
Let z(w) = -2*w**3 + 4*w**2 + 5*w - 5. Calculate the remainder when z(-3) is divided by 8.
6
Suppose -4*k + 0*k = 4*l - 48, 2*l + 18 = k. Let s = k + -4. What is the remainder when (-4 + 0)/(2/(-14)) is divided by s?
8
Suppose -b + 24 = b. Let x = 16 - b. What is the remainder when 10 is divided by x?
2
Let s(v) = -v + 1. Let f be s(-7). Calculate the remainder when (-1 - 2/1) + f is divided by 3.
2
Let k be (-6)/10 - 46/(-10). Suppose -33 = -2*j + 5*d, -d = -k*d + 3. Calculate the remainder when j is divided by 7.
5
Let n = -36 - -26. Let c = -5 - n. What is the remainder when 7 is divided by c?
2
Let o(u) = -u**2 + u + 39. What is the remainder when o(0) is divided by 10?
9
Suppose 2*g - 18 = -g. Let c = g - 3. What is the remainder when 9 is divided by c?
0
Let w = -11 - -45. Calculate the remainder when 65 is divided by w.
31
Let c(k) = -k**2 - 9*k + 9. Let g = -17 - -8. Let a be c(g). Calculate the remainder when 14 is divided by 3/(-1) + 2 + a.
6
Suppose 103 = -4*v - 109. Let f = v - -102. Calculate the remainder when f is divided by 17.
15
Let l = 69 + -44. Calculate the remainder when 73 is divided by (6/5)/(2/l).
13
Suppose 0*d = -2*d - 6. Let c(n) = -3*n - 6. Let s be c(-5). Let r = s + d. Calculate the remainder when 17 is divided by r.
5
Let o = -17 + 25. Let f(j) = j**2 + 15*j + 18. Let h be f(-10). What is the remainder when (-456)/h - 3/12 is divided by o?
6
Suppose -5*b = -3 - 7. What is the remainder when 2*b*(-3)/(-12) is divided by 1?
0
Calculate the remainder when 194/10 + 20/(-50) is divided by 12.
7
Suppose -c = -j, 5*c - 2 = 3*j + 8. Let s = -36 + 50. What is the remainder when s is divided by j?
4
Let n(m) = -5*m + 2. Let t be n(4). Let z = -10 - t. Let r(y) = -y**2 + 8*y + 6. What is the remainder when 10 is divided by r(z)?
4
Suppose 24 = -z + 6*z - 2*k, 4*z - 27 = -k. Calculate the remainder when 33 is divided by z.
3
Let i = -9 + 9. Suppose 0 = 5*n + 25, n = 3*c - i*n - 125. What is the remainder when c is divided by 11?
7
Suppose 0 = -l - 2*l + 4*m + 29, 5*m - 65 = -3*l. Suppose 3*d - 97 = -4*n, n = -d - 2*d + 13. Calculate the remainder when n is divided by l.
13
Let q(g) = 18*g + 9. Calculate the remainder when q(2) is divided by 12.
9
What is the remainder when 28 is divided by (-23 - (-1 + 0))/(-2)?
6
Let v be 2 + 98 - -1 - 2. Suppose -v = -6*p + 3*p. Calculate the remainder when p is divided by ((-2)/12*-4)/(26/663).
16
Suppose 2*i + 3*l - 34 = 0, -4*i + 4*l + 78 + 30 = 0. Let j = -64 - -77. What is the remainder when i is divided by j?
10
Let h = -2 + 5. Let t = h - 0. Suppose -a = t*u - 0*a - 48, 5*u - 2*a - 80 = 0. Calculate the remainder when 31 is divided by u.
15
Suppose -7*m + 42 = -m. Calculate the remainder when 27 is divided by m.
6
Let t = -327 - -763. What is the remainder when (-2)/(-5) - t/(-10) is divided by 15?
14
Let p = 72 + -49. Calculate the remainder when 112 is divided by p.
20
Let s(u) = -8*u - 2. Let a be s(-2). Suppose -5 = 3*l - a. What is the remainder when 4 is divided by l?
1
Let c = 29 - -46. What is the remainder when c is divided by 20?
15
Suppose 2*j = -2*d + 12, -2*j + 0*j + 3*d - 3 = 0. Suppose 5 = c + 2*h, 10*h - 6*h + 20 = 0. What is the remainder when c is divided by j?
0
Suppose 17 + 9 = i. Suppose h = 6 + 3. Calculate the remainder when i is divided by h.
8
Suppose 2*g - 4 = 0, -3 = q - 0*g - 4*g. Suppose 5*d + 0*d = -q, -3*u - 2*d = 416. Calculate the remainder when 55 is divided by u/(-10) + 4/20.
13
Let o be 141*(1 - -2)/9. Suppose 2*f = f + o. Suppose 0 = -5*s - 4*u + 20, 5*u + f = 4*s + 2*u. Calculate the remainder when 22 is divided by s.
6
Let q(n) = -20*n - 1. Let y be q(-6). Suppose -y = -3*b + 5*k, 4*k - 83 = -5*b + 2*b. Let g(d) = -17*d - 56. Calculate the remainder when b is divided by g(-4).
9
Let p(c) = -3*c + 7. Let q be p(9). Let b be -5*2/q*4. Suppose -45 = -v - b*v. Calculate the remainder when 44 is divided by v.
14
Suppose 4*t = -5*d + 9, 2*d - 30 = 8*t - 3*t. Suppose d*o = o + 108. Let j = 15 - 5. Calculate the remainder when o is divided by j.
7
Suppose 4*s = j - 7 - 26, 105 = 2*j + 5*s. What is the remainder when 59 is divided by (22/(-6) + 4)*j?
14
Suppose 7 = -q + 4*l - l, 5*l = -2*q + 19. Let i = -30 - -49. Suppose 4*z = b + i - 4, 2*z - 30 = -4*b. Calculate the remainder when b is divided by q.
1
Let i(y) = 3*y + 2. Suppose -h + 6 = -4*h. Let q be h/(-6) - (-70)/15. Calculate the remainder when i(q) is divided by 6.
5
Let r = 43 + -28. What is the remainder when 3/((3/28)/1) is divided by r?
13
Let x = -4 - -102. What is the remainder when x is divided by 26?
20
Suppose 5*k = 5 + 5. Suppose 7 = 2*f - b, k = 2*f + b + 1. Calculate the remainder when f is divided by (-17)/(-34)*(-1)/(2/(-4)).
0
Let q(s) = 4*s**2 - 4*s - 7. Calculate the remainder when q(4) is divided by 14.
13
Let j = -12 + 16. Calculate the remainder when (-4)/(-6)*(9 - 0) is divided by j.
2
Suppose 0 = -3*x - 16 + 52. Let s(h) be the se